ds digit of 237735?
3
What is the hundred thousands digit of 788909?
7
What is the ten thousands digit of 173148?
7
What is the units digit of 154313?
3
What is the millions digit of 14487302?
4
What is the millions digit of 2782499?
2
What is the hundred thousands digit of 143343?
1
What is the hundred thousands digit of 454560?
4
What is the millions digit of 2790091?
2
What is the hundreds digit of 90637?
6
What is the units digit of 8045386?
6
What is the hundred thousands digit of 1764590?
7
What is the ten thousands digit of 130909?
3
What is the ten millions digit of 11143773?
1
What is the thousands digit of 973937?
3
What is the thousands digit of 4231615?
1
What is the hundred thousands digit of 196832?
1
What is the hundreds digit of 13636891?
8
What is the thousands digit of 5152553?
2
What is the hundreds digit of 108579?
5
What is the thousands digit of 36180774?
0
What is the tens digit of 4215095?
9
What is the hundred thousands digit of 7880085?
8
What is the hundred thousands digit of 18054859?
0
What is the units digit of 107636?
6
What is the units digit of 1899592?
2
What is the ten thousands digit of 50968?
5
What is the thousands digit of 99781?
9
What is the tens digit of 516531?
3
What is the thousands digit of 223394?
3
What is the hundred thousands digit of 846614?
8
What is the units digit of 141766?
6
What is the tens digit of 281415?
1
What is the thousands digit of 253903?
3
What is the hundreds digit of 6060750?
7
What is the tens digit of 1997618?
1
What is the ten thousands digit of 170345?
7
What is the units digit of 1341543?
3
What is the millions digit of 1164209?
1
What is the hundreds digit of 1525174?
1
What is the hundred thousands digit of 8706857?
7
What is the ten thousands digit of 3725093?
2
What is the hundred thousands digit of 634438?
6
What is the tens digit of 1970571?
7
What is the tens digit of 36568?
6
What is the hundred thousands digit of 156807?
1
What is the hundreds digit of 2872229?
2
What is the ten thousands digit of 5400236?
0
What is the millions digit of 6698321?
6
What is the millions digit of 18615600?
8
What is the hundreds digit of 435164?
1
What is the ten thousands digit of 11097?
1
What is the units digit of 5791456?
6
What is the hundreds digit of 1918980?
9
What is the thousands digit of 26934347?
4
What is the tens digit of 637805?
0
What is the units digit of 1097206?
6
What is the hundreds digit of 852763?
7
What is the tens digit of 35411366?
6
What is the hundred thousands digit of 29464883?
4
What is the units digit of 9569862?
2
What is the thousands digit of 22759?
2
What is the ten thousands digit of 68579?
6
What is the millions digit of 12783189?
2
What is the ten thousands digit of 1117445?
1
What is the ten thousands digit of 1221704?
2
What is the units digit of 4081857?
7
What is the hundred thousands digit of 13823767?
8
What is the hundred thousands digit of 290660?
2
What is the millions digit of 29808687?
9
What is the hundreds digit of 1654190?
1
What is the hundred thousands digit of 175813?
1
What is the ten thousands digit of 1056647?
5
What is the thousands digit of 908156?
8
What is the ten thousands digit of 1284076?
8
What is the units digit of 956788?
8
What is the millions digit of 4262958?
4
What is the thousands digit of 22867668?
7
What is the thousands digit of 1758697?
8
What is the tens digit of 7466446?
4
What is the ten thousands digit of 983787?
8
What is the hundreds digit of 17209974?
9
What is the ten thousands digit of 5590227?
9
What is the hundred thousands digit of 710290?
7
What is the tens digit of 401051?
5
What is the tens digit of 6380092?
9
What is the ten millions digit of 15430766?
1
What is the millions digit of 2775533?
2
What is the hundred thousands digit of 927797?
9
What is the hundred thousands digit of 481102?
4
What is the hundreds digit of 5586183?
1
What is the millions digit of 25569185?
5
What is the millions digit of 16543025?
6
What is the units digit of 958468?
8
What is the millions digit of 6729217?
6
What is the millions digit of 3115250?
3
What is the units digit of 2673139?
9
What is the ten thousands digit of 15713495?
1
What is the tens digit of 666438?
3
What is the hundred thousands digit of 455092?
4
What is the units digit of 194589?
9
What is the hundred thousands digit of 1354760?
3
What is the hundred thousands digit of 629304?
6
What is the thousands digit of 21459?
1
What is the ten thousands digit of 966218?
6
What is the hundred thousands digit of 572461?
5
What is the hundreds digit of 66180?
1
What is the millions digit of 18839652?
8
What is the units digit of 2952920?
0
What is the hundred thousands digit of 7411651?
4
What is the units digit of 762256?
6
What is the millions digit of 8484182?
8
What is the tens digit of 5741967?
6
What is the hundreds digit of 309124?
1
What is the hundred thousands digit of 363464?
3
What is the units digit of 16204339?
9
What is the tens digit of 15064512?
1
What is the ten thousands digit of 35115?
3
What is the thousands digit of 5306346?
6
What is the millions digit of 25524108?
5
What is the hundred thousands digit of 154193?
1
What is the millions digit of 2333447?
2
What is the thousands digit of 4520764?
0
What is the tens digit of 341048?
4
What is the ten thousands digit of 64650?
6
What is the tens digit of 325893?
9
What is the hundreds digit of 72277?
2
What is the thousands digit of 37029?
7
What is the millions digit of 6175845?
6
What is the millions digit of 33907626?
3
What is the tens digit of 8832419?
1
What is the ten thousands digit of 788132?
8
What is the hundreds digit of 582914?
9
What is the tens digit of 17728189?
8
What is the tens digit of 2163158?
5
What is the thousands digit of 6836173?
6
What is the thousands digit of 16451904?
1
What is the ten thousands digit of 8108265?
0
What is the thousands digit of 624120?
4
What is the hundred thousands digit of 226367?
2
What is the thousands digit of 369139?
9
What is the units digit of 2006518?
8
What is the tens digit of 6090215?
1
What is the ten thousands digit of 1207824?
0
What is the units digit of 17048?
8
What is the hundreds digit of 9599927?
9
What is the thousands digit of 6004?
6
What is the ten thousands digit of 7746677?
4
What is the hundred thousands digit of 167433?
1
What is the tens digit of 106993?
9
What is the ten thousands digit of 5136525?
3
What is the hundreds digit of 4924385?
3
What is the units digit of 7639566?
6
What is the units digit of 1273207?
7
What is the hundreds digit of 1761369?
3
What is the units digit of 309489?
9
What is the hundred thousands digit of 160637?
1
What is the ten thousands digit of 927305?
2
What is the ten thousands digit of 2264553?
6
What is the hundreds digit of 2654020?
0
What is the units digit of 118206?
6
What is the hundreds digit of 65372?
3
What is the tens digit of 41309?
0
What is the hundred thousands digit of 6740081?
7
What is the hundred thousands digit of 1242844?
2
What is the hundreds digit of 879387?
3
What is the hundreds digit of 18831077?
0
What is the hundreds digit of 2801752?
7
What is the units digit of 16552712?
2
What is the units digit of 467506?
6
What is the hundreds digit of 10870335?
3
What is the units digit of 11853563?
3
What is the hundreds digit of 2052383?
3
What is the units digit of 2280733?
3
What is the hundreds digit of 208137?
1
What is the hundreds digit of 1738821?
8
What is the ten thousands digit of 6336682?
3
What is the thousands digit of 882461?
2
What is the hundred thousands digit of 1184217?
1
What is the thousands digit of 2624536?
4
What is the thousands digit of 365197?
5
What is the millions digit of 2268708?
2
What is the units digit of 1119452?
2
What is the hundred thousands digit of 126148?
1
What is the ten thousands digit of 744498?
4
What is the ten thousands digit of 107621?
0
What is the thousands digit of 529061?
9
What is the units digit of 5165552?
2
What is the thousands digit of 11337177?
7
What is the hundreds digit of 1512279?
2
What is the hundreds digit of 405359?
3
What is the millions digit of 2921785?
2
What is the units digit of 69620?
0
What is the tens digit of 13192082?
8
What is the tens digit of 307029?
2
What is the hu